 21. Suppose -2*w - h*s - 1025 = -s, -4*s + 519 = -w. Let j = w - -724. Is j a composite number?
True
Let l = -326 - -573. Is l a prime number?
False
Suppose -4*m + 2*m + 4*y + 1766 = 0, 4*y + 879 = m. Is m composite?
False
Let r(u) = u**2 + 9*u + 11. Let f be r(8). Suppose 5*v + 2*d - 735 = 0, -453 = -4*v - 4*d + f. Is v composite?
True
Let h(i) = 3*i**2 - 3*i + 3. Let b be h(2). Let c(r) = -r**2 + 15*r - 5. Is c(b) a composite number?
True
Let f be -5 + 0 + 1 + 2. Let h be 7/(((-4)/(-118))/f). Is 3/6*(-3 - h) prime?
False
Let q(d) = d**3 + 2*d**2 - 2*d + 4. Let t be q(-3). Is 13 + t + 1 + -1 a prime number?
False
Let d(l) = 5 - 8 + 37*l - l. Is d(2) prime?
False
Is 2587/11 + (-8)/132*3 a composite number?
True
Suppose p = 5*p - 596. Is p prime?
True
Let v(o) = 4*o**2 - 14*o + 9. Is v(25) a prime number?
False
Let x = -1 + -6. Let c = -23 + 99. Let a = c - x. Is a composite?
False
Suppose 0 = 5*f + 2*i + 4, -2*f + 2*i = f - 4. Suppose 3*m = -2*g + 4*g - 190, 4*g - 420 = -4*m. Suppose f = 3*x - 40 - g. Is x a composite number?
False
Let p = -2480 + 4519. Is p a composite number?
False
Is (1/(-3))/(9/(-28539)) - -4 composite?
False
Let p = 70 - 38. Let s be 266/4 - (-5)/10. Let f = s - p. Is f a composite number?
True
Suppose -r + 71 + 31 = -5*a, 0 = -r + 3*a + 112. Is r prime?
True
Let l(v) = -v + 3. Let t(z) = z**2 - 2*z + 5. Let j(c) = -7*l(c) + 4*t(c). Let k be j(-1). Suppose k*y - 633 = y. Is y prime?
True
Let l(i) = -i**2 + 8*i + 14. Let j = 39 - 28. Let t be l(j). Let s = -5 - t. Is s composite?
True
Let n = 3 + 3. Suppose 4*p - n = -2. Is (p - 2)*1 + 22 a composite number?
True
Let v(w) = w**2 + 6. Let j be v(-6). Let h = -9 + j. Is h a prime number?
False
Suppose 0*w + 3*w = 9. Suppose 0 = 2*j + w*j. Suppose 0 = g - j*g - 19. Is g a composite number?
False
Suppose -4*i - 1614 = -2*h + 3176, 2*h - i = 4790. Is h composite?
True
Let z be 1 + -1 + 2 - -27. Suppose 7 - z = -2*b - 4*j, -2*j - 19 = -5*b. Suppose -b*p + 71 = -24. Is p a prime number?
True
Let l be (-2)/4 + (-5)/(-2). Suppose 96 = 5*b + l*v, -2*v + 74 = 4*b + v. Is 1/(-4) + 1585/b prime?
True
Let t be ((-363)/6)/((-6)/12) - -1. Suppose i = 4*i + 3. Let z = t + i. Is z a composite number?
True
Is (8/(-48) + (-1)/3)*-746 a composite number?
False
Suppose -156 = -2*g + 3*l, -5*g = -0*l - 3*l - 399. Suppose 3*r - 18 = g. Is r a prime number?
False
Suppose 6 = 5*h - u, 5*h = -2*u - 6 + 24. Suppose 5*n + 12 = 577. Suppose 91 + 90 = 5*k + h*r, 3*k = r + n. Is k a prime number?
True
Let z be 92/2 + 4 + -5. Let u = 10 - z. Let x = u + 50. Is x a composite number?
True
Suppose -3*a + 4 = -5*a. Let u(b) = -b. Let q be u(a). Suppose -q*p - 43 = -m - 0*m, 0 = p + 5. Is m composite?
True
Let j = 13 + -28. Is j/(-5) + (2 - -1) a composite number?
True
Let o(a) = 5*a**2 - 9*a + 10. Let s be o(-8). Suppose -r + s = r. Is r prime?
False
Let u(l) = -l**3 - l**2 - 4*l + 5. Suppose -4*i + v = 11 + 6, 2*i + 11 = 3*v. Is u(i) composite?
True
Let t = -2 - -4. Suppose 0 = -4*f + t*f + 20. Suppose 0 = 2*x - 6*x, 5*x = v - f. Is v composite?
True
Let a(m) = m**2 - 9*m - 8. Suppose 4*t - 25 = -0*y + 3*y, -4*y - 20 = -4*t. Let q be a(t). Suppose -q*d = -11 - 11. Is d prime?
True
Let s = 47 + -4. Is s a composite number?
False
Let q(i) = -2*i**3 + 15*i**2 + 15*i - 43. Let m(c) = -5*c**2 + 21 - 11*c - 3*c**2 + 4*c - c + c**3. Let b(p) = -9*m(p) - 4*q(p). Is b(12) a prime number?
True
Let f be 2/(1*(-2)/2). Let d(v) be the third derivative of -v**4/6 - v**3/3 - 12*v**2. Is d(f) a composite number?
True
Let m(n) = 4*n**2 - 10*n + 5. Is m(10) prime?
False
Let i be ((-35)/20)/((-2)/136). Let y = i + -82. Is y prime?
True
Let x(n) be the second derivative of 7*n**3/2 - n**2 - 4*n. Is x(7) composite?
True
Suppose j - 3*b = -3, -1 + 2 = -j + b. Suppose j = -m - 4*t + 49, 4*m = 4*t + 162 - 26. Is m prime?
True
Let w(u) = 2*u**2 + 1. Let j be w(1). Let y = j + 50. Is y composite?
False
Let k = -5 + 8. Let y be 3 - (k/3 - 0). Suppose -y*q - 3*q + 15 = 5*d, 4*d + 5*q = 8. Is d prime?
True
Let z(r) = -3*r**2 - r**3 - 2*r**2 + 12*r + 0*r - 13. Suppose -3*l - 5*p - 47 = 0, 2*l + p - 1 + 23 = 0. Is z(l) composite?
True
Suppose 0 = -3*s + 2*s. Suppose 3*k + s*k - 6 = 2*b, 17 = 5*k - b. Suppose k*a - 20 = 128. Is a a prime number?
True
Let u(x) = 145*x**2 - 1. Let b be (0 - -1)/((-3)/3). Let m be u(b). Let r = m + -75. Is r composite?
True
Let f be 18/(-4)*(-14)/21. Suppose 7*d - 884 = f*d. Is d a composite number?
True
Let k = 354 + -89. Is k prime?
False
Let r(s) = s + 4. Let v be r(-6). Is 238/3 - v/(-6) composite?
False
Let v(f) = 63*f + 5. Let s be v(4). Suppose 8*p - 5*g = 3*p + 455, 3*p = -g + s. Is p composite?
True
Let l(f) = -2*f - 4. Let w be l(-4). Let o(g) = 14*g - 5. Is o(w) prime?
False
Let z(i) = 3 - 5 + 2 - 15*i - 6. Is z(-5) a composite number?
True
Suppose -a = 5*h - 1857, 4*a - 7328 = h + 4*h. Is a composite?
True
Suppose 0 = -a + 5*p + 429, 0*a + 3*p = 3*a - 1239. Is a a composite number?
False
Let t(x) = 164*x**3 + x**2 - 3*x + 3. Let w(o) = 164*o**3 + o**2 - 2*o + 2. Let r(b) = 2*t(b) - 3*w(b). Is r(-1) composite?
False
Suppose 2*a - 22 = 4*b, 0 = -b - 4*b - 15. Let i(o) = -o**2 + 6*o - 1. Let g be i(a). Suppose -g*k + 29 = -63. Is k prime?
True
Let d(n) = -n + 7. Let s = 0 - -3. Let t be d(s). Suppose -2*g = -2 - t. Is g a composite number?
False
Suppose -4*r + 3*g - 8*g + 182 = 0, 5*g + 205 = 5*r. Is r composite?
False
Let h(g) be the first derivative of g**2 - 2*g - 1. Let k be h(2). Suppose s - 89 = k*b, -5 = 3*b - 2*b. Is s a prime number?
True
Let b = -213 - -492. Suppose 376 = 5*f - b. Is f prime?
True
Suppose 0 = y + 4*n - 1 - 2, n - 3 = 2*y. Let l(o) be the second derivative of -53*o**3/6 - 2*o. Is l(y) composite?
False
Suppose 2*u = 4*u - 6. Is ((-86)/(-4) - u)*2 prime?
True
Suppose 30 = -2*k + 5*k. Suppose 3*x = -2*v + k, x + 6 = 5*v - x. Is v composite?
False
Let y = 1210 + -857. Is y composite?
False
Let z = -1 - -8. Suppose 15 = -2*u + z*u. Suppose u*k - 137 - 28 = 0. Is k a composite number?
True
Suppose 0 = -8*s + 1603 + 1365. Is s prime?
False
Let q(r) = 27*r**3 - 2*r**2 - 11*r + 5. Is q(4) prime?
True
Let j = 24 - 22. Suppose -5*h = j*g - 193, -3*g + 16 = g. Is h composite?
False
Let x = 9 - 6. Suppose -2*h = 2*l - 46, -x*h + 95 = -l + 5*l. Is l prime?
False
Let u = -744 - -1242. Is (u/(-9))/((-4)/6) a prime number?
True
Let o(c) = 16*c. Let m be o(-1). Let b = m + 73. Is b prime?
False
Suppose -z = 4*z - 1535. Is z composite?
False
Suppose 40 = z - 0*z. Let o be 74/4*z/(-4). Let s = -132 - o. Is s a prime number?
True
Suppose 0 = -5*p - 4*o + 1495, 3*p - 1196 = -p - 2*o. Is p prime?
False
Let l = -11266 + 16703. Is l a composite number?
False
Is 8/(-28) - (-67245)/35 prime?
False
Let f = -2 + 7. Suppose -g + 3*v + 91 = 0, g = 2*g - f*v - 85. Suppose 5*r + 3*t = t + 125, g = 4*r - t. Is r a prime number?
False
Suppose -19 = -n + 84. Suppose -5*z + 680 = -2*r, z + r - 26 = n. Is z composite?
True
Let d = 105 - 75. Suppose 0*a = 3*a + d. Let y(i) = i**2 + 7*i - 8. Is y(a) a composite number?
True
Suppose 0 = 4*q - 5*k - 37, 5 = -3*k + 2*k. Suppose 2*p - 77 + 10 = -q*a, 4 = -4*a. Is p a composite number?
True
Suppose 0 = -5*h + 5*g + 3130, -2*g + 10 = -0*g. Is h a composite number?
False
Let d(x) = -35*x + 3. Let r be d(-6). Suppose -2 = -l + 1. Suppose r - 54 = l*q. Is q a prime number?
True
Let s = -1 + 1. Suppose 4*n + 5 - 45 = s. Is -3 + 1 - (-2 - n) a composite number?
True
Let i be 9 - -22 - (-1 - 1). Let a = i + -12. Is a a composite number?
True
Suppose m + 2*m - 26 = 2*v, -38 = -3*m - 4*v. Let j(n) = n**3 - 10*n**2 + 6*n - 17. Is j(m) a prime number?
True
Let v(o) = 0*o - 2*o + 4*o**2 + 3*o**2 - 4. Let b be v(-3). Suppose -b = -5*c - 0*c. Is c composite?
False
Let h(c) = 10*c**2 - 4*c + 7. Let n be h(8). Let m = n + -404. Is m composite?
False
Is 4814/(-4)*(8 + -10) a prime number?
False
Suppose -3*z + 4*c - 135 - 196 = 0, 2*c - 323 = 3*z. Let u = 4 - z. Is u a prime number?
True
Let v = 3 + -2. Let t(o) = 64*o**2 + o. Is t(v) composite?
True
Suppose -280 = 2*a - x - x, -2*a = 5*x + 308. Let t = -75 - a. Is t composite?
True
Suppose 4*m - 2*m - 212 = 0. Is m composite?
True
Let i be -3*((-22)/6 + 3). Is 1 + (i - (-216 + 2)) a prime number?
False
Suppose -2*m + 139 - 19 = 0